{"id":12,"date":"2022-10-01T00:03:29","date_gmt":"2022-10-01T05:03:29","guid":{"rendered":"https:\/\/astronomia.uni.edu.pe\/?page_id=12"},"modified":"2025-03-11T20:07:15","modified_gmt":"2025-03-12T01:07:15","slug":"produccion-cientifica","status":"publish","type":"page","link":"https:\/\/astronomia.uni.edu.pe\/index.php\/produccion-cientifica\/","title":{"rendered":"Publicaciones"},"content":{"rendered":"\n<p>2024<\/p>\n\n\n\n<ul class=\"wp-block-list\">\n<li><strong>OAUNI photometry of SN 2024jlf<\/strong>, Pereyra, A., Zevallos, M., Alvarado, D., Delgado, J., Tello, J., de Almeida, L., and Torre, E. 2024, <a href=\"https:\/\/www.astronomerstelegram.org\/?read=16921\" data-type=\"link\" data-id=\"https:\/\/www.astronomerstelegram.org\/?read=16662\">ATel 16921<\/a>, [<a href=\"https:\/\/ui.adsabs.harvard.edu\/abs\/2024ATel16921....1P\/abstract\" data-type=\"link\" data-id=\"https:\/\/ui.adsabs.harvard.edu\/abs\/2024ATel16662....1P\/abstract\">ADS<\/a>]<\/li>\n\n\n\n<li><strong>OAUNI photometry of SN 2024ggi,<\/strong> Pereyra, A., Zevallos, M., Alvarado, D., Delgado, J., Tello, J., de Almeida, L., and Torre, E. 2024, <a href=\"https:\/\/www.astronomerstelegram.org\/?read=16917\" data-type=\"link\" data-id=\"https:\/\/www.astronomerstelegram.org\/?read=16662\">ATel 16917<\/a>, [<a href=\"https:\/\/ui.adsabs.harvard.edu\/abs\/2024ATel16917....1P\/abstract\" data-type=\"link\" data-id=\"https:\/\/ui.adsabs.harvard.edu\/abs\/2024ATel16662....1P\/abstract\">ADS<\/a>]<\/li>\n\n\n\n<li><strong>OAUNI photometry of SN 2024iss<\/strong>, Pereyra, A., Zevallos, M., Alvarado, D., Delgado, J., Tello, J., Torre, E.,  and de Almeida, L. 2024, <a href=\"https:\/\/www.astronomerstelegram.org\/?read=16662\" data-type=\"link\" data-id=\"https:\/\/www.astronomerstelegram.org\/?read=16662\">ATel 16662<\/a>, [<a href=\"https:\/\/ui.adsabs.harvard.edu\/abs\/2024ATel16662....1P\/abstract\" data-type=\"link\" data-id=\"https:\/\/ui.adsabs.harvard.edu\/abs\/2024ATel16662....1P\/abstract\">ADS<\/a>]<\/li>\n\n\n\n<li><strong>Follow-up OAUNI photometry of SN 2024iss<\/strong>, Pereyra, A., Zevallos, M., Alvarado, D., Delgado, J., Torre, E., Tello, J.,  and de Almeida, L. 2024, <a href=\"https:\/\/ui.adsabs.harvard.edu\/abs\/2024ATel16712....1P\/abstract\">A<\/a><a href=\"https:\/\/www.astronomerstelegram.org\/?read=16712\" data-type=\"link\" data-id=\"https:\/\/www.astronomerstelegram.org\/?read=16712\">Tel 1671<\/a><a href=\"https:\/\/ui.adsabs.harvard.edu\/abs\/2024ATel16712....1P\/abstract\">2<\/a>, [<a href=\"https:\/\/ui.adsabs.harvard.edu\/abs\/2024ATel16712....1P\/abstract\" data-type=\"link\" data-id=\"https:\/\/ui.adsabs.harvard.edu\/abs\/2024ATel16662....1P\/abstract\">ADS<\/a>] <\/li>\n\n\n\n<li><strong>Supernovae photometry at OAUNI<\/strong>, Espinoza, M. and Pereyra, A. 2024, <a href=\"https:\/\/www.astroscu.unam.mx\/rmaa\/RMxAA..60-2\/PDF\/RMxAA..60-2_mespinoza-VII.pdf\" data-type=\"link\" data-id=\"https:\/\/www.astroscu.unam.mx\/rmaa\/RMxAA..60-2\/PDF\/RMxAA..60-2_mespinoza-VII.pdf\">RMxAA 60, 293<\/a><\/li>\n<\/ul>\n\n\n\n<p><\/p>\n\n\n\n<p>2023<\/p>\n\n\n\n<ul class=\"wp-block-list\">\n<li><strong>OAUNI photometry of SN 2023mkt<\/strong>, Pereyra, A., Tello, J., Alvarado, D., Torre, E., Zevallos, M., Espinoza, M., and de Almeida, L. 2023, <a href=\"https:\/\/www.astronomerstelegram.org\/?read=16234\">ATel 16234<\/a>, [<a href=\"https:\/\/ui.adsabs.harvard.edu\/abs\/2023ATel16234....1P\/abstract\">ADS<\/a>]<\/li>\n\n\n\n<li><strong>OAUNI photometry of SN 2023fyq<\/strong>, Pereyra, A., Tello, J., Alvarado, D., Torre, E., Zevallos, M., Espinoza, M., and de Almeida, L. 2023, <a href=\"https:\/\/www.astronomerstelegram.org\/?read=16226\">ATel 16226<\/a>, [<a href=\"https:\/\/ui.adsabs.harvard.edu\/abs\/2023ATel16226....1P\/abstract\">ADS<\/a>]<\/li>\n\n\n\n<li><strong>OAUNI non-detection of AT 2023pow<\/strong> <strong>in R band<\/strong>, Pereyra, A., Tello, J., Alvarado, D., Torre, E., Zevallos, M., Espinoza, M., and de Almeida, L. 2023, <a href=\"https:\/\/www.astronomerstelegram.org\/?read=16203\">ATel 16203<\/a>, [<a href=\"https:\/\/ui.adsabs.harvard.edu\/abs\/2023ATel16203....1P\/abstract\">ADS<\/a>]<\/li>\n\n\n\n<li><strong>OAUNI photometry of SN 2023ijd<\/strong>, Pereyra, A., Espinoza, M., Tello, J., Zevallos, M., de Almeida, L., Alvarado, D., and Torre, E. 2023, <a href=\"https:\/\/www.astronomerstelegram.org\/?read=16166\">ATel 16166<\/a> [<a href=\"https:\/\/ui.adsabs.harvard.edu\/abs\/2023ATel16166....1P\/abstract\">ADS<\/a>]<\/li>\n\n\n\n<li><strong>OAUNI photometry of SN 2023ixf<\/strong>, Pereyra, A., Espinoza, M.,Tello, J., Zevallos, M., Alvarado, D., de Almeida, L., and Torre, E. 2023, <a href=\"https:\/\/www.astronomerstelegram.org\/?read=16098\">ATel 16098<\/a> [<a href=\"https:\/\/ui.adsabs.harvard.edu\/abs\/2023ATel16098....1P\/abstract\">ADS<\/a>] <\/li>\n\n\n\n<li><strong>OAUNI photometry of SN 2023gfo<\/strong>, Pereyra, A., Espinoza, M.,Tello, J., Zevallos, M., de Almeida, L., and Alvarado, D. 2023, <a href=\"https:\/\/www.astronomerstelegram.org\/?read=16078\">ATel 16078<\/a> [<a href=\"https:\/\/ui.adsabs.harvard.edu\/abs\/2023ATel16078....1P\/abstract\">ADS<\/a>]<\/li>\n<\/ul>\n\n\n\n<p>2022<\/p>\n\n\n\n<ul class=\"wp-block-list\">\n<li><strong>Seeing measurements at OAUNI on 2016 and 2017 campaigns<\/strong>, Pereyra, A., Tello, J., and Zevallos, M. 2022, Journal of Physics: Conference Series, 2372, id.012001 [<a href=\"https:\/\/iopscience.iop.org\/article\/10.1088\/1742-6596\/2372\/1\/012001\">IOP<\/a>] [<a href=\"https:\/\/ui.adsabs.harvard.edu\/abs\/2022JPhCS2372a2001P\/abstract\">ADS<\/a>], arXiv:2009.01223 [<a href=\"https:\/\/ui.adsabs.harvard.edu\/abs\/2020arXiv200901223P\/abstract\">ADS<\/a>] <\/li>\n\n\n\n<li><strong>Follow-up OAUNI photometry of SN2022hrs<\/strong>, Pereyra, A., Tello, J., Zevallos, M., de Almeida, L., Espinoza, M., and Alvarado, D. 2022, ATel 15539 [<a href=\"https:\/\/ui.adsabs.harvard.edu\/abs\/2022ATel15539....1P\/abstract\">ADS<\/a>]<\/li>\n\n\n\n<li><strong>OAUNI photometry of SN2022jli<\/strong>, Pereyra, A., Tello, J., Zevallos, M., de Almeida, L., Espinoza, M., and Alvarado, D. 2022, ATel 15526 [<a href=\"https:\/\/ui.adsabs.harvard.edu\/abs\/2022ATel15526....1P\/abstract\">ADS<\/a>]<\/li>\n\n\n\n<li><strong>OAUNI confirmation of optical flickering from RS Oph<\/strong>, Pereyra, A., Tello, J., Zevallos, M., de Almeida, L., Espinoza, M., and Alvarado, D. 2022, ATel 15387 [<a href=\"https:\/\/ui.adsabs.harvard.edu\/abs\/2022ATel15387....1P\/abstract\">ADS<\/a>]<\/li>\n\n\n\n<li><strong>OAUNI multiband photometry of SN2022hrs<\/strong>, Pereyra, A., Tello, J., Zevallos, M., de Almeida, L., Espinoza, M., and Alvarado, D. 2022, ATel 15378 [<a href=\"https:\/\/ui.adsabs.harvard.edu\/abs\/2022ATel15378....1P\/abstract\">ADS<\/a>]<\/li>\n<\/ul>\n\n\n\n<p>2020<\/p>\n\n\n\n<ul class=\"wp-block-list\">\n<li><strong>OAUNI astronomical photometry: Stellar variability of FO Aqr on 2016 low state<\/strong>, Pereyra, A. 2020, Journal of Physics: Conference Series, 1558, id.012005 [<a href=\"https:\/\/ui.adsabs.harvard.edu\/abs\/2020JPhCS1558a2005P\/abstract\">ADS<\/a>]<\/li>\n\n\n\n<li><strong>Variability of rapidly oscillating Ap stars: HD 217522<\/strong>, Santacruz, R. 2020, Compendio de Investigaciones en Geof\u00edsica, Trabajos de investigaci\u00f3n realizados por estudiantes durante el a\u00f1o 2018-2019, IGP, 19, p. 138 [<a href=\"https:\/\/alicia.concytec.gob.pe\/vufind\/Record\/IGPR_b0ae643851bb4e239c82834417ec6c1c\">Alicia<\/a>][<a href=\"https:\/\/drive.google.com\/file\/d\/1mwBoL5DjZ-VrpCHqaGPlIO-8aAqn49tU\/view?usp=sharing\">pdf<\/a>]<\/li>\n<\/ul>\n\n\n\n<p>2019<\/p>\n\n\n\n<ul class=\"wp-block-list\">\n<li><strong>OAUNI: Positive detection of TYC 0162-00322-1 occultation by (216) Kleopatra<\/strong>, Meza, E. &amp; Pereyra, A. 2019, ATel 12429 [<a href=\"https:\/\/ui.adsabs.harvard.edu\/abs\/2019ATel12429....1M\/abstract\">ADS<\/a>]<\/li>\n\n\n\n<li><strong>Stellar clusters multicolor photometry at OAUNI,<\/strong> Pereyra, A. &amp; Zevallos, M. 2019, <a href=\"http:\/\/revistas.uni.edu.pe\/index.php\/tecnia\/article\/view\/610\">Tecnia, 29, 1, 80<\/a><\/li>\n\n\n\n<li><strong>Short term period variable stars observed at OAUNI<\/strong>, Pereyra, A. &amp; Tello, J. 2019, <a href=\"http:\/\/revistas.uni.edu.pe\/index.php\/tecnia\/article\/view\/594\">Tecnia, 29, 1, 71<\/a> &#8211; arXiv:1904.02220 [<a href=\"https:\/\/ui.adsabs.harvard.edu\/abs\/2019arXiv190402220P\/abstract\">ADS<\/a>]<\/li>\n\n\n\n<li><strong>Exoplanet transits observed at OAUNI<\/strong>, Pereyra, A. &amp; Ricra, J. 2019, <a href=\"http:\/\/revistas.uni.edu.pe\/index.php\/tecnia\/article\/view\/619\">Tecnia, 29, 1, 88<\/a><\/li>\n<\/ul>\n\n\n\n<p>2018<\/p>\n\n\n\n<ul class=\"wp-block-list\">\n<li><strong>Cataclysmic variable stars: photometry of V893 Sco star and spectroscopy of HS 0220 + 0603 star<\/strong>, Cori, W. &amp; Tello, J. 2019, Journal of Physics: Conference Series, 1143, id.012010 [<a href=\"https:\/\/ui.adsabs.harvard.edu\/abs\/2018JPhCS1143a2010C\/abstract\">ADS<\/a>]<\/li>\n\n\n\n<li><strong>Search for eclipsing binary stars in the direction of Galaxy Bulge with data of Ogle-II and MACHO<\/strong>, Urday, E. &amp; Tello, J. 2018, Journal of Physics: Conference Series, 1143, id.012009 [<a href=\"https:\/\/ui.adsabs.harvard.edu\/abs\/2018JPhCS1143a2009U\/abstract\">ADS<\/a>]<\/li>\n\n\n\n<li><strong>Do we live in an under-dense region?<\/strong>, Calcina, E. &amp; Tello, J. 2018, Journal of Physics: Conference Series, 1143, id.012008 [<a href=\"https:\/\/ui.adsabs.harvard.edu\/abs\/2018JPhCS1143a2008C\/abstract\">ADS<\/a>]<\/li>\n\n\n\n<li><strong>Fitting of stellar parameters of Cataclysmic Variable Stars<\/strong>, Cori, W. &amp; Tello, J., 2018, REVCIUNI, 21, 1, 36<\/li>\n<\/ul>\n\n\n\n<p>2017<\/p>\n\n\n\n<ul class=\"wp-block-list\">\n<li><strong>OAUNI photometry of SN2017gmr\/DLT17cq<\/strong>, Pereyra, A. &amp; Ricra, J. 2017, ATel 11083 [<a href=\"https:\/\/ui.adsabs.harvard.edu\/abs\/2017ATel11083....1P\/abstract\">ADS<\/a>]<\/li>\n\n\n\n<li><strong>OAUNI photometry of SN2017glq\/Gaia17cfi<\/strong>, Pereyra, A. &amp; Ricra, J. 2017, ATel 11040 [<a href=\"https:\/\/ui.adsabs.harvard.edu\/abs\/2017ATel11040....1P\/abstract\">ADS<\/a>]<\/li>\n\n\n\n<li><strong>OAUNI photometry of ASASSN-16gq\/AT2016cym<\/strong>, Pereyra, A., Ricra, J. &amp; Zevallos, M. 2017, ATel 10303 [<a href=\"https:\/\/ui.adsabs.harvard.edu\/abs\/2017ATel10303....1P\/abstract\">ADS<\/a>]<\/li>\n\n\n\n<li><strong>Determination of fundamental physical parameters of the exoplanet Corot-2b<\/strong>, Ricra, J. ,2017, Compendio de Investigaciones en Geof\u00edsica, Trabajos de investigaci\u00f3n realizados por estudiantes durante el a\u00f1o 2017, IGP, 18, p. 70 [<a href=\"https:\/\/alicia.concytec.gob.pe\/vufind\/Record\/IGPR_96fa201ba452d89295a8000fc82acb71\">Alicia<\/a>][<a href=\"https:\/\/drive.google.com\/file\/d\/1Trz8aW-m1zKWNjm3JZQ_R56Bu-3TdWtI\/view?usp=sharing\">pdf<\/a>]<\/li>\n<\/ul>\n\n\n\n<p>2016<\/p>\n\n\n\n<ul class=\"wp-block-list\">\n<li><strong>Characterizing a CCD detector for astronomical purposes: OAUNI Project<\/strong>, Pereyra, A., Zevallos, M., Ricra, J., &amp; Tello, J. 2016, <a href=\"http:\/\/revistas.uni.edu.pe\/index.php\/tecnia\/article\/view\/54\">Tecnia, 26, 2, 20 <\/a>&#8211; arXiv:1703.04836 [<a href=\"https:\/\/ui.adsabs.harvard.edu\/abs\/2017arXiv170304836P\/abstract\">ADS<\/a>]<\/li>\n\n\n\n<li><strong>OAUNI photometry of ASASSN-16hz<\/strong>, Pereyra, A., Ricra, J., &amp; Zevallos, M. 2016, ATel 9835 [<a href=\"https:\/\/ui.adsabs.harvard.edu\/abs\/2016ATel.9835....1P\/abstract\">ADS<\/a>]<\/li>\n\n\n\n<li><strong>OAUNI photometry of ASASSN-16hw,<\/strong> Pereyra, A., Ricra, J., &amp; Zevallos, M. 2016, ATel 9577 [<a href=\"https:\/\/ui.adsabs.harvard.edu\/abs\/2016ATel.9577....1P\/abstract\">ADS<\/a>]<\/li>\n\n\n\n<li><strong>Multiband photometry of PSNJ14102342-4318437 with OAUNI<\/strong>, Pereyra, A., Cori, W., Ricra, J., Zevallos, M., &amp; Tello, J. 2016, ATel 8570 [<a href=\"https:\/\/ui.adsabs.harvard.edu\/abs\/2016ATel.8570....1P\/abstract\">ADS<\/a>]<\/li>\n<\/ul>\n\n\n\n<p>2015<\/p>\n\n\n\n<ul class=\"wp-block-list\">\n<li><strong>UNI Astronomical Observatory &#8211; OAUNI: First light<\/strong>, Pereyra, A., Tello, J., Meza, E., Cori, W., Ricra, J., &amp; Zevallos, M. 2015, <a href=\"http:\/\/www.revistas.uni.edu.pe\/index.php\/revciuni\/article\/view\/962\">REVCIUNI 18, 1, 4<\/a> &#8211; arXiv:1512.03104 [<a href=\"https:\/\/ui.adsabs.harvard.edu\/abs\/2015arXiv151203104P\/abstract\">ADS<\/a>]<\/li>\n\n\n\n<li><strong>OAUNI optical observation of the supernova ASASSN-15lp<\/strong>, Pereyra, A., Cori, W., Meza, E., Ricra, J., Tello, J., &amp; Zevallos, M. 2015, ATel 7956 [<a href=\"https:\/\/ui.adsabs.harvard.edu\/abs\/2015ATel.7956....1P\/abstract\">ADS<\/a>]<\/li>\n<\/ul>\n\n\n\n<p><\/p>\n","protected":false},"excerpt":{"rendered":"<p>2024 2023 2022 2020 2019 2018 2017 2016 2015<\/p>\n","protected":false},"author":1,"featured_media":0,"parent":0,"menu_order":0,"comment_status":"closed","ping_status":"closed","template":"","meta":{"footnotes":""},"class_list":["post-12","page","type-page","status-publish","hentry"],"_links":{"self":[{"href":"https:\/\/astronomia.uni.edu.pe\/index.php\/wp-json\/wp\/v2\/pages\/12","targetHints":{"allow":["GET"]}}],"collection":[{"href":"https:\/\/astronomia.uni.edu.pe\/index.php\/wp-json\/wp\/v2\/pages"}],"about":[{"href":"https:\/\/astronomia.uni.edu.pe\/index.php\/wp-json\/wp\/v2\/types\/page"}],"author":[{"embeddable":true,"href":"https:\/\/astronomia.uni.edu.pe\/index.php\/wp-json\/wp\/v2\/users\/1"}],"replies":[{"embeddable":true,"href":"https:\/\/astronomia.uni.edu.pe\/index.php\/wp-json\/wp\/v2\/comments?post=12"}],"version-history":[{"count":53,"href":"https:\/\/astronomia.uni.edu.pe\/index.php\/wp-json\/wp\/v2\/pages\/12\/revisions"}],"predecessor-version":[{"id":1338,"href":"https:\/\/astronomia.uni.edu.pe\/index.php\/wp-json\/wp\/v2\/pages\/12\/revisions\/1338"}],"wp:attachment":[{"href":"https:\/\/astronomia.uni.edu.pe\/index.php\/wp-json\/wp\/v2\/media?parent=12"}],"curies":[{"name":"wp","href":"https:\/\/api.w.org\/{rel}","templated":true}]}}